d by 6739.
15
Calculate the remainder when 2936 is divided by 720.
56
Calculate the remainder when 30911 is divided by 3857.
55
What is the remainder when 164708 is divided by 91?
89
Calculate the remainder when 27780 is divided by 63.
60
What is the remainder when 11457 is divided by 2?
1
What is the remainder when 4092 is divided by 440?
132
Calculate the remainder when 8598 is divided by 477.
12
Calculate the remainder when 2385 is divided by 150.
135
What is the remainder when 711 is divided by 186?
153
Calculate the remainder when 2864604 is divided by 954865.
9
What is the remainder when 55167 is divided by 159?
153
Calculate the remainder when 8500 is divided by 470.
40
Calculate the remainder when 4741 is divided by 789.
7
What is the remainder when 30488 is divided by 392?
304
Calculate the remainder when 19479 is divided by 746.
83
Calculate the remainder when 3184269 is divided by 546.
543
Calculate the remainder when 2647124 is divided by 132.
128
Calculate the remainder when 41260 is divided by 77.
65
Calculate the remainder when 5558 is divided by 2088.
1382
Calculate the remainder when 125213 is divided by 172.
169
Calculate the remainder when 47902 is divided by 15.
7
What is the remainder when 22923 is divided by 558?
45
What is the remainder when 212746 is divided by 334?
322
What is the remainder when 8436 is divided by 552?
156
What is the remainder when 50949 is divided by 12724?
53
What is the remainder when 904379 is divided by 153?
149
What is the remainder when 430234 is divided by 33?
13
What is the remainder when 34073 is divided by 10?
3
Calculate the remainder when 1541901 is divided by 208.
205
What is the remainder when 3877 is divided by 3215?
662
What is the remainder when 453908 is divided by 863?
833
Calculate the remainder when 4529 is divided by 35.
14
What is the remainder when 38223 is divided by 9511?
179
Calculate the remainder when 5679 is divided by 104.
63
Calculate the remainder when 14284 is divided by 207.
1
What is the remainder when 11991 is divided by 1708?
35
What is the remainder when 23705 is divided by 49?
38
Calculate the remainder when 2381 is divided by 49.
29
What is the remainder when 31000 is divided by 15492?
16
Calculate the remainder when 22141 is divided by 82.
1
What is the remainder when 11210 is divided by 5507?
196
What is the remainder when 6277 is divided by 1090?
827
What is the remainder when 600664 is divided by 38?
36
What is the remainder when 3084 is divided by 58?
10
What is the remainder when 124205 is divided by 1010?
985
Calculate the remainder when 1972 is divided by 32.
20
Calculate the remainder when 8577 is divided by 2669.
570
Calculate the remainder when 800 is divided by 46.
18
Calculate the remainder when 657 is divided by 65.
7
Calculate the remainder when 25000 is divided by 18.
16
What is the remainder when 602 is divided by 471?
131
What is the remainder when 44077 is divided by 4007?
0
What is the remainder when 3449 is divided by 233?
187
What is the remainder when 57338 is divided by 33?
17
What is the remainder when 149947 is divided by 76?
75
Calculate the remainder when 3054 is divided by 299.
64
Calculate the remainder when 4309 is divided by 90.
79
Calculate the remainder when 690 is divided by 600.
90
Calculate the remainder when 60967 is divided by 2102.
9
What is the remainder when 2027 is divided by 2019?
8
Calculate the remainder when 110785 is divided by 343.
339
Calculate the remainder when 41058 is divided by 1792.
1634
What is the remainder when 510491 is divided by 255?
236
Calculate the remainder when 5163 is divided by 15.
3
What is the remainder when 13499 is divided by 99?
35
Calculate the remainder when 140940 is divided by 70469.
2
What is the remainder when 10258 is divided by 10127?
131
What is the remainder when 3768 is divided by 19?
6
What is the remainder when 103318 is divided by 360?
358
Calculate the remainder when 232 is divided by 79.
74
What is the remainder when 22810 is divided by 496?
490
What is the remainder when 23347 is divided by 14?
9
Calculate the remainder when 30253 is divided by 30250.
3
Calculate the remainder when 190252 is divided by 604.
596
What is the remainder when 15126 is divided by 122?
120
What is the remainder when 3241 is divided by 42?
7
Calculate the remainder when 9917 is divided by 226.
199
Calculate the remainder when 8316 is divided by 252.
0
What is the remainder when 453 is divided by 82?
43
What is the remainder when 2832 is divided by 1317?
198
Calculate the remainder when 11300 is divided by 11286.
14
Calculate the remainder when 5677 is divided by 952.
917
Calculate the remainder when 38566 is divided by 1.
0
Calculate the remainder when 59935 is divided by 13.
5
What is the remainder when 32733 is divided by 6540?
33
What is the remainder when 5004 is divided by 422?
362
What is the remainder when 8236 is divided by 434?
424
What is the remainder when 92067 is divided by 5?
2
Calculate the remainder when 18280 is divided by 346.
288
What is the remainder when 4095 is divided by 80?
15
Calculate the remainder when 490658 is divided by 21.
14
Calculate the remainder when 124609 is divided by 183.
169
What is the remainder when 81736 is divided by 239?
237
Calculate the remainder when 1577426 is divided by 4229.
9
Calculate the remainder when 5907 is divided by 39.
18
Calculate the remainder when 712293 is divided by 9.
6
Calculate the remainder when 33695 is divided by 29.
26
Calculate the remainder when 1576 is divided by 175.
1
Calculate the remainder when 19677 is divided by 6555.
12
Calculate the remainder when 52921 is divided by 29.
25
What is the remainder when 12813 is divided by 47?
29
What is the remainder when 84595 is divided by 36?
31
What is the remainder when 10405 is divided by 257?
125
Calculate the remainder when 4988 is divided by 323.
143
What is the remainder when 747159 is divided by 18?
15
Calculate the remainder when 4116 is divided by 1980.
156
Calculate the remainder when 606810 is divided by 20227.
0
What is the remainder when 1417 is divided by 965?
452
Calculate the remainder when 7189 is divided by 916.
777
Calculate the remainder when 383352 is divided by 16.
8
Calculate the remainder when 11867 is divided by 231.
86
Calculate the remainder when 212 is divided by 191.
21
Calculate the remainder when 179607 is divided by 1256.
1255
Calculate the remainder when 27363 is divided by 27298.
65
What is the remainder when 5739 is divided by 2857?
25
What is the remainder when 26026 is divided by 482?
480
Calculate the remainder when 9075 is divided by 76.
31
What is the remainder when 1403020 is divided by 467670?
10
Calculate the remainder when 629504 is divided by 76.
72
What is the remainder when 58344 is divided by 2655?
2589
Calculate the remainder when 11871 is divided by 164.
63
What is the remainder when 54339 is divided by 52?
51
Calculate the remainder when 3221 is divided by 1600.
21
Calculate the remainder when 802 is divided by 13.
9
Calculate the remainder when 71266 is divided by 19.
16
What is the remainder when 30476 is divided by 15238?
0
What is the remainder when 198763 is divided by 20?
3
Calculate the remainder when 12125 is divided by 16.
13
Calculate the remainder when 1000 is divided by 193.
35
Calculate the remainder when 42982 is divided by 272.
6
Calculate the remainder when 1719 is divided by 29.
8
Calculate the remainder when 12977391 is divided by 11.
9
Calculate the remainder when 823195 is divided by 2450.
2445
What is the remainder when 14452 is divided by 174?
10
Calculate the remainder when 1805 is divided by 1542.
263
What is the remainder when 3777333 is divided by 69?
66
Calculate the remainder when 588 is divided by 126.
84
Calculate the remainder when 21439 is divided by 315.
19
Calculate the remainder when 11275 is divided by 147.
103
What is the remainder when 3647 is divided by 448?
63
What is the remainder when 68 is divided by 39?
29
Calculate the remainder when 220415 is divided by 224.
223
What is the remainder when 1298638 is divided by 60?
58
Calculate the remainder when 664 is divided by 511.
153
What is the remainder when 138249 is divided by 17277?
33
What is the remainder when 3809 is divided by 76?
